 + 214. Calculate x(-1).
4
Let k(a) = -48*a + 427. Determine k(11).
-101
Let g(u) = -2339*u + 11721. Calculate g(5).
26
Let p(b) = -b**3 + 4*b**2 + 81*b - 372. Give p(5).
8
Let c(b) = 267*b + 3552. What is c(-14)?
-186
Let v(a) = 16*a - 58. Calculate v(10).
102
Let l(s) = s**3 + 23*s**2 + 22*s + 5. Give l(-22).
5
Let h(x) = -27*x + 647. Give h(25).
-28
Let t(g) = -3*g**3 + 36*g**2 + 54*g - 89. Give t(13).
106
Let x(a) = 965*a - 10551. Calculate x(11).
64
Let v(p) = p**3 + 41*p**2 + 83*p + 93. Calculate v(-39).
-102
Let t(p) = 118*p - 1963. Calculate t(17).
43
Let d(q) = -58*q + 423. Give d(7).
17
Let s(t) = -t**2 - 56*t + 1552. Calculate s(20).
32
Let v(b) = 11*b**3 - 40*b**2 + 6*b - 8. Give v(4).
80
Let t(p) = p**3 + 55*p**2 - 554*p - 3154. Give t(-63).
-4
Let f(c) = -63*c + 796. What is f(13)?
-23
Let n(h) = -41*h - 47. Give n(-2).
35
Let t(j) = j**2 + 23*j - 61. Calculate t(-26).
17
Let t(i) = 21*i + 87. Determine t(7).
234
Let i(u) = -3*u**2 - u - 38. Calculate i(-4).
-82
Let x(t) = -126*t + 630. Give x(5).
0
Let h(v) = -543*v - 37474. Calculate h(-69).
-7
Let b(l) = -10*l**2 + 11*l + 16. What is b(2)?
-2
Let a(o) = 1132*o - 6754. Determine a(6).
38
Let u(q) = 23*q - 232. Give u(10).
-2
Let s(x) = -2924*x - 81877. Calculate s(-28).
-5
Let f(i) = 7*i - 332. Give f(51).
25
Let f(d) = -6*d**2 - 4*d - 20. Give f(4).
-132
Let w(x) = -2*x**3 - 23*x**2 - 22*x + 15. Calculate w(-12).
423
Let p(z) = 866*z - 13005. Determine p(15).
-15
Let g(c) = -212*c + 335. Give g(3).
-301
Let w(o) = 23*o**3 + 11*o**2 + 6*o - 19. Determine w(1).
21
Let w(s) = s**3 + 12*s**2 + 35*s + 52. Calculate w(-9).
-20
Let d(m) = 7*m**2 - 311*m + 3081. What is d(15)?
-9
Let o(y) = -134*y - 1183. Give o(-9).
23
Let t(a) = 4*a**2 - 186*a + 452. Determine t(44).
12
Let o(w) = 58*w**2 + 5626*w + 7. Calculate o(-97).
7
Let a(i) = i**2 - 42*i + 67. What is a(39)?
-50
Let w(v) = -v**2 + 32*v - 243. Give w(10).
-23
Let t(o) = -6*o**3 + 7*o**2 + 21*o - 43. Determine t(2).
-21
Let j(c) = -2*c**3 - 33*c**2 - 30*c + 47. Give j(-15).
-178
Let g(w) = -w**2 + 24*w + 1139. Give g(48).
-13
Let z(i) = i**3 + 42*i**2 + 248*i + 102. Determine z(-35).
-3
Let t(l) = l**3 + 52*l**2 + 59*l + 405. Give t(-51).
-3
Let v(g) = -g**3 - 19*g**2 - 71*g - 32. Calculate v(-14).
-18
Let l(d) = -2232*d - 13368. Give l(-6).
24
Let z(o) = -1160*o - 13904. Determine z(-12).
16
Let o(c) = 289*c - 3480. Determine o(12).
-12
Let u(o) = 3*o**2 + 89*o + 39. Determine u(-29).
-19
Let i(c) = 7*c + 71. Calculate i(8).
127
Let t(r) = -r**2 + 28*r + 161. Calculate t(0).
161
Let j(x) = x**2 - 8*x - 482. Determine j(26).
-14
Let c(l) = -l**2 - 10*l + 4. What is c(-6)?
28
Let f(c) = -9*c + 20. Determine f(3).
-7
Let j(v) = -10*v**2 - 271*v - 40. Calculate j(-27).
-13
Let g(d) = 262*d**2 + 35*d - 43. Calculate g(1).
254
Let a(b) = -b**2 + 53*b + 170. Calculate a(-3).
2
Let m(k) = k**3 - 26*k**2 - 136*k - 30. Calculate m(30).
-510
Let c(b) = 63*b - 2958. What is c(45)?
-123
Let j(z) = -z**3 - z**2 + 15*z + 42. Determine j(-4).
30
Let w(y) = 11*y**3 - y**2 + 18*y + 80. Calculate w(-3).
-280
Let b(r) = -1277*r + 6373. Calculate b(5).
-12
Let o(m) = 51*m + 334. Calculate o(-10).
-176
Let g(m) = -3*m**2 + 42*m - 15. Give g(10).
105
Let s(w) = -w**3 + 25*w**2 - 21*w - 57. Determine s(24).
15
Let f(g) = -g**2 - 257*g - 2014. Determine f(-8).
-22
Let f(g) = 209*g - 18598. What is f(89)?
3
Let h(w) = 22*w + 4346. Calculate h(-197).
12
Let j(b) = -326*b + 4559. Calculate j(14).
-5
Let a(w) = 4*w**3 - 113*w**2 - 221*w + 334. Calculate a(30).
4
Let g(x) = -x**2 + 81*x - 536. Calculate g(59).
762
Let a(u) = u**3 + u**2 - 41*u - 92. Determine a(-6).
-26
Let l(w) = w**3 + 22*w**2 + 36*w - 60. What is l(-20)?
20
Let o(c) = -2*c**3 + 215*c**2 + c - 1. What is o(0)?
-1
Let i(q) = -q**3 + 36*q**2 + 38*q - 46. Give i(37).
-9
Let i(v) = 6*v**2 - 169*v + 195. Determine i(27).
6
Let q(m) = -12*m**2 - 20*m + 4. What is q(-2)?
-4
Let q(u) = u**3 + 26*u**2 - 189*u + 8. Calculate q(6).
26
Let f(c) = c**3 + 42*c**2 - 41*c + 88. What is f(-43)?
2
Let z(k) = -7*k**2 + 513*k - 104. Give z(73).
42
Let s(i) = -34*i + 39. Give s(2).
-29
Let r(v) = 7*v**2 + 309*v + 75. What is r(-44)?
31
Let t(i) = 10*i - 161. Calculate t(14).
-21
Let g(h) = 9*h**2 - 656*h - 2593. What is g(-4)?
175
Let c(q) = q**3 + 71*q**2 + 70*q - 48. What is c(-70)?
-48
Let h(p) = -p**3 + 7*p**2 - 332*p + 1638. Calculate h(5).
28
Let v(t) = -t**2 + 56*t + 5468. Give v(107).
11
Let s(b) = b**2 + 14*b - 125. What is s(6)?
-5
Let n(l) = 2*l**3 + 25*l**2 - 17*l - 369. Give n(-12).
-21
Let a(o) = o**2 - 12*o - 90. What is a(17)?
-5
Let i(p) = -4*p**2 + 53*p - 236. Determine i(5).
-71
Let y(k) = k**2 - 73*k + 907. Calculate y(41).
-405
Let l(c) = -2*c**3 + 12*c**2 + 492*c + 34. Give l(19).
-4
Let b(w) = 3*w**2 + 31*w + 16. Calculate b(-18).
430
Let r(v) = v**2 + 55*v + 624. Determine r(-17).
-22
Let q(w) = 70*w**2 - 39*w + 39. Give q(1).
70
Let z(k) = k**3 + 12*k**2 - k - 147. Give z(-11).
-15
Let g(y) = 195*y - 1080. What is g(6)?
90
Let z(n) = -2*n**3 - 5*n - 3. Calculate z(-2).
23
Let i(n) = -n**3 - 22*n**2 + 38*n + 69. What is i(-24)?
309
Let u(v) = -94*v + 807. Calculate u(9).
-39
Let l(k) = 11*k**3 + k - 2. Give l(2).
88
Let n(c) = -c**3 + 17*c**2 + 20*c - 45. What is n(18)?
-9
Let q(g) = -4*g**3 - 683*g**2 + 167*g - 686. Calculate q(-171).
-2
Let v(u) = -2*u**2 - 58*u - 362. Calculate v(-20).
-2
Let g(k) = k**3 - 6*k**2 + 13*k + 19. Give g(5).
59
Let r(n) = -48*n + 1210. Calculate r(25).
10
Let m(a) = 5*a**3 - 50*a**2 - 10*a + 16. Give m(10).
-84
Let q(y) = -191*y - 92. Calculate q(-1).
99
Let v(b) = -215*b**3 + 2*b**2 - 31*b - 33. Calculate v(-1).
215
Let c(s) = -10*s**2 - 72*s + 146. Determine c(2).
-38
Let f(z) = -167*z - 177. Determine f(-1).
-10
Let v(c) = c**2 + 4*c - 1522. Determine v(37).
-5
Let u(k) = 8*k**2 + 30*k + 19. Give u(-8).
291
Let v(s) = -348*s + 1683. Give v(5).
-57
Let t(w) = -8*w**3 - 2*w**2. What is t(3)?
-234
Let n(z) = 2*z**2 - 40*z - 33. Give n(22).
55
Let s(t) = -t**2 - 86*t + 5217. What is s(-127)?
10
Let b(n) = 2*n**3 - 30*n**2 - 65*n - 39. Determine b(17).
12
Let q(s) = s**2 + 146*s + 1826. What is q(-132)?
-22
Let q(a) = -a**3 - 41*a**2 - 183*a - 102. Give q(-36).
6
Let z(v) = 5*v**2 - 5*v - 18. Determine z(3).
12
Let c(p) = -266*p - 2404. Calculate c(-9).
-10
Let u(a) = -39*a - 1876. What is u(-48)?
-4
Let z(o) = o**3 - 38*o**2 - 73*o - 300. Determine z(40).
-20
Let w(m) = m**2 + 152*m + 307. What is w(-2)?
7
Let t(c) = -c**3 + 31*c**2 - 107*c - 23. Determine t(27).
4
Let x(q) = -45*q - 7020. Determine x(-156).
0
Let q(d) = 127*d - 4571. Determine q(36).
1
Let n(b) = 33*b - 285. Calculate n(4).
-153
Let t(z) = -z**3 + 3*z**2 - 2*z + 9. Give t(5).
-51
Let m(d) = 2*d**2 - 28*d - 2653. What is m(44)?
-13
Let u(l) = -15*l**3 - 166*l**2 - 24*l - 148. Give u(-11).
-5
Let s(h) = 2*h**3 - 7*h**2 - 5*h - 42. What is s(5)?
8
Let v(q) = -4*q**3 - q**2 - 9*q - 9. Determine v(-3).
117
Let a(l) = 8*l**3 + 2*l**2 - l - 2. Give a(-1).
-7
Let s(v) = 2*v**3 - 20*v**2 + 6*v - 30. Calculate s(10).
30
Let f(b) = 2*b**2 - 2*b + 16. Give f(-3).
40
Let w(p) = -13*p**2 + 101*p + 20. Determine w(8).
-4
Let p(h) = -h**2 - 6*h - 18. Give p(7).
-109
Let l(j) = 49*j - 3033. Give l(62).
5
Let x(g) = -g**3 + 93*g**2 - 903*g + 49. Give x(82).
-33
Let l(v) = 13*v - 616. Determine l(46).
-18
Let p(k) = k**3 + 27*k**2 + 91*k + 128. Calculate p(-19).
1287
Let h(l) = -2*l**3 - 80*l**2 - 79*l - 88. Determine h(-39).
-49
Let y(d) = 2*d**3 + 15*d**2 + 17*d - 4. Give y(-5).
36
Let k(w) = w**3 + 47*w**2 - 316*w + 98. What is k(-53)?
-8
Let b(g) = -43*g - 630. Give b(-14).
-28
Let z(n) = n**3 - 20*n**2 + 73*n + 66. Determine z(6).
0
Let i(c) = -28*c**2 - 2475*c - 972. Calculate i(-88).
-4
Let x(r) = -r**2 + 179*r - 2540. Determine x(15).
-80
Let w(x) = x**2 - 1129*x - 5661. Calculate w(-5).
9
Let h(v) = v**2 - 16*v + 14. What is h(17)?
31
Let j(y) = 3*y**3 - 14*y**2 - 372*y - 1. Calculate j(-9).
26
Let r(k) = -2*k**2 - 18*k + 48. What is r(-12)?
-24
Let x(u) = -u**3 - 5*u**2 - 7*u + 3. Determine x(-7).
150
Let m(c) = 3*c**2 + 14*c - 10. What is m(-5)?
-5
Let v(a) = -81*a + 1313. Determine v(16).
17
Let r(q) = -2*q**2 - 121*q - 1514. What is r(-18)?
16
Let b(o) = -o**3 + 22*o**2 - 105*o - 92. Cal